{"id":1927,"date":"2015-12-01T02:10:32","date_gmt":"2015-12-01T00:10:32","guid":{"rendered":"http:\/\/wolfsmonitor.de\/?page_id=1927"},"modified":"2018-12-30T13:36:05","modified_gmt":"2018-12-30T11:36:05","slug":"beitraege-dezember-2015","status":"publish","type":"page","link":"https:\/\/wolfsmonitor.de\/?page_id=1927","title":{"rendered":"Beitr\u00e4ge Dezember 2015"},"content":{"rendered":"<p>Hier finden Sie alle Beitr\u00e4ge aus dem Dezember 2015, dem neunten Monat des Blogs!<\/p>\n<p title=\"Interview Ralph Schr\u00e4der\">Bitte klicken Sie direkt auf den gew\u00fcnschten Titel im &#8222;Klappmenue&#8220; oben oder auf folgende, chronologisch angeordnete Beitrags\u00fcberschriften:<\/p>\n<ol>\n<li title=\"Interview Ralph Schr\u00e4der\"><a title=\"Beitrag 2 tote W\u00f6lfe gefunden\" href=\"https:\/\/wolfsmonitor.de\/?p=1923\" target=\"_blank\" rel=\"noopener\">\u00a0<span style=\"color: #0000ff;\">2 tote W\u00f6lfe gefunden<\/span><\/a>, 1. Dezember 2015<\/li>\n<li title=\"Interview Ralph Schr\u00e4der\"><span style=\"color: #0000ff;\"><a style=\"color: #0000ff;\" title=\"Bauerngejammer in Brandenburg\" href=\"https:\/\/wolfsmonitor.de\/?p=1935\" target=\"_blank\" rel=\"noopener\">Bauerngejammer in Brandenburg<\/a><\/span>, 3. Dezember 2015<\/li>\n<li title=\"Interview Ralph Schr\u00e4der\"><a title=\"Zitat Mark Rowlands, 5.12.2015\" href=\"https:\/\/wolfsmonitor.de\/?p=1946\" target=\"_blank\" rel=\"noopener\"><span style=\"color: #0000ff;\">Mark Rowlands: Im Schatten des Wolfes<\/span><\/a>, 5. Dezember 2015<\/li>\n<li title=\"Interview Ralph Schr\u00e4der\"><span style=\"color: #0000ff;\"><a style=\"color: #0000ff;\" title=\"Pferd &amp; Jagd 2015\" href=\"https:\/\/wolfsmonitor.de\/?p=1965\" target=\"_blank\" rel=\"noopener\">W\u00f6lfe auf der Pferd und Jagd 2015<\/a><\/span>, 7. Dezember 2015<\/li>\n<li title=\"Interview Ralph Schr\u00e4der\"><span style=\"color: #0000ff;\"><a style=\"color: #0000ff;\" title=\"Mindestens 3 W\u00f6lfe in Goldenstedt\" href=\"https:\/\/wolfsmonitor.de\/?p=1978\" target=\"_blank\" rel=\"noopener\">Mindestens 3 W\u00f6lfe in Goldenstedt<\/a><\/span>, 7. Dezember 2015<\/li>\n<li title=\"Interview Ralph Schr\u00e4der\"><span style=\"color: #0000ff;\"><a style=\"color: #0000ff;\" title=\"Beitrag Was nun tun in Goldenstedt?\" href=\"https:\/\/wolfsmonitor.de\/?p=1986\" target=\"_blank\" rel=\"noopener\">Was nun tun in Goldenstedt?<\/a><\/span>, 8. Dezember 2015<\/li>\n<li title=\"Interview Ralph Schr\u00e4der\"><span style=\"color: #0000ff;\"><a style=\"color: #0000ff;\" title=\"Die Gelassenheit der Wolfsexperten\" href=\"https:\/\/wolfsmonitor.de\/?p=1996\" target=\"_blank\" rel=\"noopener\">Die Gelassenheit der Wolfsexperten<\/a><\/span>, 10. Dezember 2015<\/li>\n<li title=\"Interview Ralph Schr\u00e4der\"><span style=\"color: #0000ff;\"><a style=\"color: #0000ff;\" title=\"Zitat Elli H. Radinger, 12.12.2015\" href=\"https:\/\/wolfsmonitor.de\/?p=2003\" target=\"_blank\" rel=\"noopener\">Elli H. Radinger: W\u00f6lfe und Nutztiere<\/a><\/span>, 12. Dezember 2015<\/li>\n<li title=\"Interview Ralph Schr\u00e4der\"><span style=\"color: #0000ff;\"><a style=\"color: #0000ff;\" title=\"Konfliktkreis, Teil 1\" href=\"https:\/\/wolfsmonitor.de\/?p=2011\" target=\"_blank\" rel=\"noopener\">Serie (Teil 1): Wolfsbedingte Reibungspunkte &#8211; Der Konfliktkreis<\/a><\/span>, 14.Dezember 2015<\/li>\n<li title=\"Interview Ralph Schr\u00e4der\"><span style=\"color: #0000ff;\"><a style=\"color: #0000ff;\" title=\"Beitrag Das Management auff\u00e4lliger W\u00f6lfe - ein Beispiel!\" href=\"https:\/\/wolfsmonitor.de\/?p=2022\" target=\"_blank\" rel=\"noopener\">Das Management &#8222;auff\u00e4lliger&#8220; W\u00f6lfe &#8211; ein Beispiel<\/a><\/span>, 15. Dezember 2015<\/li>\n<li title=\"Interview Ralph Schr\u00e4der\"><span style=\"color: #0000ff;\"><a style=\"color: #0000ff;\" title=\"Interview Peter Peuker\" href=\"https:\/\/wolfsmonitor.de\/?p=2033\" target=\"_blank\" rel=\"noopener\">3 Antworten von Peter Peuker,<\/a><\/span> 16. Dezember 2015<\/li>\n<li title=\"Interview Ralph Schr\u00e4der\"><span style=\"color: #0000ff;\"><a style=\"color: #0000ff;\" title=\"Sichtweise Frank Fa\u00df, Anmerkungen\" href=\"https:\/\/wolfsmonitor.de\/?p=2040\" target=\"_blank\" rel=\"noopener\">Anmerkungen zur Sichtweise von Wolfcenter-Betreiber Frank Fa\u00df zur &#8222;Goldenstedter W\u00f6lfin&#8220;<\/a><\/span>, 18. Dezember 2015<\/li>\n<li title=\"Interview Ralph Schr\u00e4der\"><span style=\"color: #0000ff;\"><a style=\"color: #0000ff;\" title=\"Zitat E. Fuhr, 19.12.2015\" href=\"https:\/\/wolfsmonitor.de\/?p=2057\" target=\"_blank\" rel=\"noopener\">Eckhard Fuhr: Der Wolf als Wegweiser<\/a><\/span>, 19. Dezember 2015<\/li>\n<li title=\"Interview Ralph Schr\u00e4der\"><span style=\"color: #0000ff;\"><a style=\"color: #0000ff;\" title=\"Beitrag 21.12.2015\" href=\"https:\/\/wolfsmonitor.de\/?p=2069\" target=\"_blank\" rel=\"noopener\">W\u00f6lfe gegen andere Tierarten ausspielen?<\/a>,<\/span> 21. Dezember 2015<\/li>\n<li title=\"Interview Ralph Schr\u00e4der\"><span style=\"color: #0000ff;\"><a style=\"color: #0000ff;\" title=\"Widerstand gegen Wolfsabsch\u00fcsse in der Schweiz\" href=\"https:\/\/wolfsmonitor.de\/?p=2081\" target=\"_blank\" rel=\"noopener\">Widerstand gegen Wolfsabsch\u00fcsse in der Schweiz<\/a><\/span>, 22. Dezember 2015<\/li>\n<li title=\"Interview Ralph Schr\u00e4der\"><span style=\"color: #0000ff;\"><a style=\"color: #0000ff;\" title=\"Zitat Paolo Molinari\" href=\"https:\/\/wolfsmonitor.de\/?p=2094\" target=\"_blank\" rel=\"noopener\">Paolo Molinari: Der Wolf fasziniert!<\/a><\/span>, 26. Dezember 2015<\/li>\n<li title=\"Interview Ralph Schr\u00e4der\"><span style=\"color: #0000ff;\"><a style=\"color: #0000ff;\" title=\"Jahresr\u00fcckblick 2015\" href=\"https:\/\/wolfsmonitor.de\/?p=2103\" target=\"_blank\" rel=\"noopener\">Mein pers\u00f6nlicher Wolfsmonitor-R\u00fcckblick aufs Jahr 2015<\/a>,<\/span> 28. Dezember 2015<\/li>\n<li title=\"Interview Ralph Schr\u00e4der\"><span style=\"color: #0000ff;\"><a style=\"color: #0000ff;\" href=\"https:\/\/wolfsmonitor.de\/?p=15948\" target=\"_blank\" rel=\"noopener\">\u201cHasta la vista, baby!\u201d<\/a>,<\/span> 30. Dezember 2018<\/li>\n<\/ol>\n<p>Sie k\u00f6nnen alle Beitr\u00e4ge auch nach \u201cKategorien\u201d geordnet aufrufen. Bitte nutzen Sie dazu die gleichnamige Auswahl in der rechten Seitenleiste!<\/p>\n<p>Viel Spa\u00df!<\/p>\n<p>Ihr<\/p>\n<p>J\u00fcrgen Vogler<\/p>\n<div class=\"shariff shariff-align-center shariff-widget-align-center\" data-services=\"facebook%7Ctwitter\" data-url=\"https%3A%2F%2Fwolfsmonitor.de%2F%3Fpage_id%3D1927\" data-timestamp=\"1546176965\" data-backendurl=\"?rest_route=\/shariff\/v1\/share_counts&\"><ul class=\"shariff-buttons theme-color orientation-horizontal buttonsize-small\"><li class=\"shariff-button facebook shariff-nocustomcolor\" style=\"background-color:#4273c8\"><a href=\"https:\/\/www.facebook.com\/sharer\/sharer.php?u=https%3A%2F%2Fwolfsmonitor.de%2F%3Fpage_id%3D1927\" title=\"Bei Facebook teilen\" aria-label=\"Bei Facebook teilen\" role=\"button\" rel=\"nofollow\" class=\"shariff-link\" style=\"; background-color:#3b5998; color:#fff\" target=\"_blank\"><span class=\"shariff-icon\" style=\"\"><svg width=\"32px\" height=\"20px\" xmlns=\"http:\/\/www.w3.org\/2000\/svg\" viewBox=\"0 0 18 32\"><path fill=\"#3b5998\" d=\"M17.1 0.2v4.7h-2.8q-1.5 0-2.1 0.6t-0.5 1.9v3.4h5.2l-0.7 5.3h-4.5v13.6h-5.5v-13.6h-4.5v-5.3h4.5v-3.9q0-3.3 1.9-5.2t5-1.8q2.6 0 4.1 0.2z\"\/><\/svg><\/span><span class=\"shariff-text\">teilen<\/span>&nbsp;<span data-service=\"facebook\" style=\"color:#3b5998\" class=\"shariff-count shariff-hidezero\"><\/span>&nbsp;<\/a><\/li><li class=\"shariff-button twitter shariff-nocustomcolor\" style=\"background-color:#32bbf5\"><a href=\"https:\/\/twitter.com\/share?url=https%3A%2F%2Fwolfsmonitor.de%2F%3Fpage_id%3D1927&text=Beitr%C3%A4ge%20Dezember%202015\" title=\"Bei Twitter teilen\" aria-label=\"Bei Twitter teilen\" role=\"button\" rel=\"noopener nofollow\" class=\"shariff-link\" style=\"; background-color:#55acee; color:#fff\" target=\"_blank\"><span class=\"shariff-icon\" style=\"\"><svg width=\"32px\" height=\"20px\" xmlns=\"http:\/\/www.w3.org\/2000\/svg\" viewBox=\"0 0 30 32\"><path fill=\"#55acee\" d=\"M29.7 6.8q-1.2 1.8-3 3.1 0 0.3 0 0.8 0 2.5-0.7 4.9t-2.2 4.7-3.5 4-4.9 2.8-6.1 1q-5.1 0-9.3-2.7 0.6 0.1 1.5 0.1 4.3 0 7.6-2.6-2-0.1-3.5-1.2t-2.2-3q0.6 0.1 1.1 0.1 0.8 0 1.6-0.2-2.1-0.4-3.5-2.1t-1.4-3.9v-0.1q1.3 0.7 2.8 0.8-1.2-0.8-2-2.2t-0.7-2.9q0-1.7 0.8-3.1 2.3 2.8 5.5 4.5t7 1.9q-0.2-0.7-0.2-1.4 0-2.5 1.8-4.3t4.3-1.8q2.7 0 4.5 1.9 2.1-0.4 3.9-1.5-0.7 2.2-2.7 3.4 1.8-0.2 3.5-0.9z\"\/><\/svg><\/span><span class=\"shariff-text\">twittern<\/span>&nbsp;<span data-service=\"twitter\" style=\"color:#55acee\" class=\"shariff-count shariff-hidezero\"><\/span>&nbsp;<\/a><\/li><li class=\"shariff-button rss shariff-nocustomcolor\" style=\"background-color:#ff8c00\"><a href=\"https:\/\/wolfsmonitor.de\/?feed=rss\" title=\"RSS-feed\" aria-label=\"RSS-feed\" role=\"button\" class=\"shariff-link\" style=\"; background-color:#fe9312; color:#fff\" target=\"_blank\"><span class=\"shariff-icon\" style=\"\"><svg width=\"32px\" height=\"20px\" xmlns=\"http:\/\/www.w3.org\/2000\/svg\" viewBox=\"0 0 32 32\"><path fill=\"#fe9312\" d=\"M4.3 23.5c-2.3 0-4.3 1.9-4.3 4.3 0 2.3 1.9 4.2 4.3 4.2 2.4 0 4.3-1.9 4.3-4.2 0-2.3-1.9-4.3-4.3-4.3zM0 10.9v6.1c4 0 7.7 1.6 10.6 4.4 2.8 2.8 4.4 6.6 4.4 10.6h6.2c0-11.7-9.5-21.1-21.1-21.1zM0 0v6.1c14.2 0 25.8 11.6 25.8 25.9h6.2c0-17.6-14.4-32-32-32z\"\/><\/svg><\/span><span class=\"shariff-text\">RSS-feed<\/span>&nbsp;<\/a><\/li><li class=\"shariff-button mailto shariff-nocustomcolor\" style=\"background-color:#a8a8a8\"><a href=\"mailto:?body=https%3A%2F%2Fwolfsmonitor.de%2F%3Fpage_id%3D1927&subject=Beitr%C3%A4ge%20Dezember%202015\" title=\"Per E-Mail versenden\" aria-label=\"Per E-Mail versenden\" role=\"button\" rel=\"noopener nofollow\" class=\"shariff-link\" style=\"; background-color:#999; color:#fff\"><span class=\"shariff-icon\" style=\"\"><svg width=\"32px\" height=\"20px\" xmlns=\"http:\/\/www.w3.org\/2000\/svg\" viewBox=\"0 0 32 32\"><path fill=\"#999\" d=\"M32 12.7v14.2q0 1.2-0.8 2t-2 0.9h-26.3q-1.2 0-2-0.9t-0.8-2v-14.2q0.8 0.9 1.8 1.6 6.5 4.4 8.9 6.1 1 0.8 1.6 1.2t1.7 0.9 2 0.4h0.1q0.9 0 2-0.4t1.7-0.9 1.6-1.2q3-2.2 8.9-6.1 1-0.7 1.8-1.6zM32 7.4q0 1.4-0.9 2.7t-2.2 2.2q-6.7 4.7-8.4 5.8-0.2 0.1-0.7 0.5t-1 0.7-0.9 0.6-1.1 0.5-0.9 0.2h-0.1q-0.4 0-0.9-0.2t-1.1-0.5-0.9-0.6-1-0.7-0.7-0.5q-1.6-1.1-4.7-3.2t-3.6-2.6q-1.1-0.7-2.1-2t-1-2.5q0-1.4 0.7-2.3t2.1-0.9h26.3q1.2 0 2 0.8t0.9 2z\"\/><\/svg><\/span><span class=\"shariff-text\">E-Mail<\/span>&nbsp;<\/a><\/li><li class=\"shariff-button info shariff-nocustomcolor\" style=\"background-color:#a8a8a8\"><a href=\"http:\/\/ct.de\/-2467514\" title=\"Weitere Informationen\" aria-label=\"Weitere Informationen\" role=\"button\" rel=\"noopener \" class=\"shariff-link\" style=\"; background-color:#999; color:#fff\" target=\"_blank\"><span class=\"shariff-icon\" style=\"\"><svg width=\"32px\" height=\"20px\" xmlns=\"http:\/\/www.w3.org\/2000\/svg\" viewBox=\"0 0 11 32\"><path fill=\"#999\" d=\"M11.4 24v2.3q0 0.5-0.3 0.8t-0.8 0.4h-9.1q-0.5 0-0.8-0.4t-0.4-0.8v-2.3q0-0.5 0.4-0.8t0.8-0.4h1.1v-6.8h-1.1q-0.5 0-0.8-0.4t-0.4-0.8v-2.3q0-0.5 0.4-0.8t0.8-0.4h6.8q0.5 0 0.8 0.4t0.4 0.8v10.3h1.1q0.5 0 0.8 0.4t0.3 0.8zM9.2 3.4v3.4q0 0.5-0.4 0.8t-0.8 0.4h-4.6q-0.4 0-0.8-0.4t-0.4-0.8v-3.4q0-0.4 0.4-0.8t0.8-0.4h4.6q0.5 0 0.8 0.4t0.4 0.8z\"\/><\/svg><\/span><\/a><\/li><\/ul><\/div>","protected":false},"excerpt":{"rendered":"<p>Hier finden Sie alle Beitr\u00e4ge aus dem Dezember 2015, dem neunten Monat des Blogs! Bitte klicken Sie direkt auf den gew\u00fcnschten Titel im &#8222;Klappmenue&#8220; oben oder auf folgende, chronologisch angeordnete Beitrags\u00fcberschriften: \u00a02 tote W\u00f6lfe gefunden, 1. Dezember 2015 Bauerngejammer in Brandenburg, 3. Dezember 2015 Mark Rowlands: Im Schatten des Wolfes, 5. Dezember 2015 W\u00f6lfe auf [&hellip;]<\/p>\n<div class=\"shariff shariff-align-center shariff-widget-align-center\" data-services=\"facebook%7Ctwitter\" data-url=\"https%3A%2F%2Fwolfsmonitor.de%2F%3Fpage_id%3D1927\" data-timestamp=\"1546176965\" data-backendurl=\"?rest_route=\/shariff\/v1\/share_counts&\"><ul class=\"shariff-buttons theme-color orientation-horizontal buttonsize-small\"><li class=\"shariff-button facebook shariff-nocustomcolor\" style=\"background-color:#4273c8\"><a href=\"https:\/\/www.facebook.com\/sharer\/sharer.php?u=https%3A%2F%2Fwolfsmonitor.de%2F%3Fpage_id%3D1927\" title=\"Bei Facebook teilen\" aria-label=\"Bei Facebook teilen\" role=\"button\" rel=\"nofollow\" class=\"shariff-link\" style=\"; background-color:#3b5998; color:#fff\" target=\"_blank\"><span class=\"shariff-icon\" style=\"\"><svg width=\"32px\" height=\"20px\" xmlns=\"http:\/\/www.w3.org\/2000\/svg\" viewBox=\"0 0 18 32\"><path fill=\"#3b5998\" d=\"M17.1 0.2v4.7h-2.8q-1.5 0-2.1 0.6t-0.5 1.9v3.4h5.2l-0.7 5.3h-4.5v13.6h-5.5v-13.6h-4.5v-5.3h4.5v-3.9q0-3.3 1.9-5.2t5-1.8q2.6 0 4.1 0.2z\"\/><\/svg><\/span><span class=\"shariff-text\">teilen<\/span>&nbsp;<span data-service=\"facebook\" style=\"color:#3b5998\" class=\"shariff-count shariff-hidezero\"><\/span>&nbsp;<\/a><\/li><li class=\"shariff-button twitter shariff-nocustomcolor\" style=\"background-color:#32bbf5\"><a href=\"https:\/\/twitter.com\/share?url=https%3A%2F%2Fwolfsmonitor.de%2F%3Fpage_id%3D1927&text=Beitr%C3%A4ge%20Dezember%202015\" title=\"Bei Twitter teilen\" aria-label=\"Bei Twitter teilen\" role=\"button\" rel=\"noopener nofollow\" class=\"shariff-link\" style=\"; background-color:#55acee; color:#fff\" target=\"_blank\"><span class=\"shariff-icon\" style=\"\"><svg width=\"32px\" height=\"20px\" xmlns=\"http:\/\/www.w3.org\/2000\/svg\" viewBox=\"0 0 30 32\"><path fill=\"#55acee\" d=\"M29.7 6.8q-1.2 1.8-3 3.1 0 0.3 0 0.8 0 2.5-0.7 4.9t-2.2 4.7-3.5 4-4.9 2.8-6.1 1q-5.1 0-9.3-2.7 0.6 0.1 1.5 0.1 4.3 0 7.6-2.6-2-0.1-3.5-1.2t-2.2-3q0.6 0.1 1.1 0.1 0.8 0 1.6-0.2-2.1-0.4-3.5-2.1t-1.4-3.9v-0.1q1.3 0.7 2.8 0.8-1.2-0.8-2-2.2t-0.7-2.9q0-1.7 0.8-3.1 2.3 2.8 5.5 4.5t7 1.9q-0.2-0.7-0.2-1.4 0-2.5 1.8-4.3t4.3-1.8q2.7 0 4.5 1.9 2.1-0.4 3.9-1.5-0.7 2.2-2.7 3.4 1.8-0.2 3.5-0.9z\"\/><\/svg><\/span><span class=\"shariff-text\">twittern<\/span>&nbsp;<span data-service=\"twitter\" style=\"color:#55acee\" class=\"shariff-count shariff-hidezero\"><\/span>&nbsp;<\/a><\/li><li class=\"shariff-button rss shariff-nocustomcolor\" style=\"background-color:#ff8c00\"><a href=\"https:\/\/wolfsmonitor.de\/?feed=rss\" title=\"RSS-feed\" aria-label=\"RSS-feed\" role=\"button\" class=\"shariff-link\" style=\"; background-color:#fe9312; color:#fff\" target=\"_blank\"><span class=\"shariff-icon\" style=\"\"><svg width=\"32px\" height=\"20px\" xmlns=\"http:\/\/www.w3.org\/2000\/svg\" viewBox=\"0 0 32 32\"><path fill=\"#fe9312\" d=\"M4.3 23.5c-2.3 0-4.3 1.9-4.3 4.3 0 2.3 1.9 4.2 4.3 4.2 2.4 0 4.3-1.9 4.3-4.2 0-2.3-1.9-4.3-4.3-4.3zM0 10.9v6.1c4 0 7.7 1.6 10.6 4.4 2.8 2.8 4.4 6.6 4.4 10.6h6.2c0-11.7-9.5-21.1-21.1-21.1zM0 0v6.1c14.2 0 25.8 11.6 25.8 25.9h6.2c0-17.6-14.4-32-32-32z\"\/><\/svg><\/span><span class=\"shariff-text\">RSS-feed<\/span>&nbsp;<\/a><\/li><li class=\"shariff-button mailto shariff-nocustomcolor\" style=\"background-color:#a8a8a8\"><a href=\"mailto:?body=https%3A%2F%2Fwolfsmonitor.de%2F%3Fpage_id%3D1927&subject=Beitr%C3%A4ge%20Dezember%202015\" title=\"Per E-Mail versenden\" aria-label=\"Per E-Mail versenden\" role=\"button\" rel=\"noopener nofollow\" class=\"shariff-link\" style=\"; background-color:#999; color:#fff\"><span class=\"shariff-icon\" style=\"\"><svg width=\"32px\" height=\"20px\" xmlns=\"http:\/\/www.w3.org\/2000\/svg\" viewBox=\"0 0 32 32\"><path fill=\"#999\" d=\"M32 12.7v14.2q0 1.2-0.8 2t-2 0.9h-26.3q-1.2 0-2-0.9t-0.8-2v-14.2q0.8 0.9 1.8 1.6 6.5 4.4 8.9 6.1 1 0.8 1.6 1.2t1.7 0.9 2 0.4h0.1q0.9 0 2-0.4t1.7-0.9 1.6-1.2q3-2.2 8.9-6.1 1-0.7 1.8-1.6zM32 7.4q0 1.4-0.9 2.7t-2.2 2.2q-6.7 4.7-8.4 5.8-0.2 0.1-0.7 0.5t-1 0.7-0.9 0.6-1.1 0.5-0.9 0.2h-0.1q-0.4 0-0.9-0.2t-1.1-0.5-0.9-0.6-1-0.7-0.7-0.5q-1.6-1.1-4.7-3.2t-3.6-2.6q-1.1-0.7-2.1-2t-1-2.5q0-1.4 0.7-2.3t2.1-0.9h26.3q1.2 0 2 0.8t0.9 2z\"\/><\/svg><\/span><span class=\"shariff-text\">E-Mail<\/span>&nbsp;<\/a><\/li><li class=\"shariff-button info shariff-nocustomcolor\" style=\"background-color:#a8a8a8\"><a href=\"http:\/\/ct.de\/-2467514\" title=\"Weitere Informationen\" aria-label=\"Weitere Informationen\" role=\"button\" rel=\"noopener \" class=\"shariff-link\" style=\"; background-color:#999; color:#fff\" target=\"_blank\"><span class=\"shariff-icon\" style=\"\"><svg width=\"32px\" height=\"20px\" xmlns=\"http:\/\/www.w3.org\/2000\/svg\" viewBox=\"0 0 11 32\"><path fill=\"#999\" d=\"M11.4 24v2.3q0 0.5-0.3 0.8t-0.8 0.4h-9.1q-0.5 0-0.8-0.4t-0.4-0.8v-2.3q0-0.5 0.4-0.8t0.8-0.4h1.1v-6.8h-1.1q-0.5 0-0.8-0.4t-0.4-0.8v-2.3q0-0.5 0.4-0.8t0.8-0.4h6.8q0.5 0 0.8 0.4t0.4 0.8v10.3h1.1q0.5 0 0.8 0.4t0.3 0.8zM9.2 3.4v3.4q0 0.5-0.4 0.8t-0.8 0.4h-4.6q-0.4 0-0.8-0.4t-0.4-0.8v-3.4q0-0.4 0.4-0.8t0.8-0.4h4.6q0.5 0 0.8 0.4t0.4 0.8z\"\/><\/svg><\/span><\/a><\/li><\/ul><\/div>","protected":false},"author":1,"featured_media":0,"parent":28,"menu_order":0,"comment_status":"closed","ping_status":"closed","template":"","meta":{"spay_email":""},"jetpack_shortlink":"https:\/\/wp.me\/P61YbU-v5","jetpack-related-posts":[{"id":18109,"url":"https:\/\/wolfsmonitor.de\/?page_id=18109","url_meta":{"origin":1927,"position":0},"title":"Beitr\u00e4ge Dezember 2019","date":"2. Dezember 2019","format":false,"excerpt":"Hier finden Sie alle Beitr\u00e4ge aus dem Dezember 2019, dem sechsundf\u00fcnfzigsten Monat dieses Blogs! Bitte klicken Sie direkt auf den gew\u00fcnschten Titel in der Menueauswahl oder auf folgende, chronologisch angeordnete Beitrags\u00fcberschriften: Die neuen Wolfszahlen sind da \u2013 Zahl der Reviere steigt um ca. 19 %, 2. Dezember 2019 Emsland: Vier\u2026","rel":"","context":"\u00c4hnlicher Beitrag","img":{"alt_text":"","src":"","width":0,"height":0},"classes":[]},{"id":11585,"url":"https:\/\/wolfsmonitor.de\/?page_id=11585","url_meta":{"origin":1927,"position":1},"title":"Beitr\u00e4ge Dezember 2017","date":"1. Dezember 2017","format":false,"excerpt":"Hier finden Sie alle Wolfsmonitor-Beitr\u00e4ge aus dem Dezember 2017 ! Bitte klicken Sie direkt auf den gew\u00fcnschten Titel im \"Klappmenue\" oben unter \"Beitr\u00e4ge\" oder auf folgende, chronologisch angeordnete Beitrags\u00fcberschriften: EU-Kommission: W\u00f6lfe bleiben weiterhin streng gesch\u00fctzt!, 1. Dezember 2017 \"Gr\u00fc\u00df Gott\" in Absurdistan, 2. Dezember 2017 Laut bayerische Studie kostet wolfssichere\u2026","rel":"","context":"\u00c4hnlicher Beitrag","img":{"alt_text":"","src":"","width":0,"height":0},"classes":[]},{"id":15622,"url":"https:\/\/wolfsmonitor.de\/?page_id=15622","url_meta":{"origin":1927,"position":2},"title":"Beitr\u00e4ge Dezember 2018","date":"1. Dezember 2018","format":false,"excerpt":"Hier finden Sie alle Wolfsmonitor-Beitr\u00e4ge aus dem Dezember 2018. Mutma\u00dflicher Wolfsvorfall als politisches Lehrst\u00fcck, 01. Dezember 2018 Europarat: W\u00f6lfe bleiben weiterhin gesch\u00fctzt!, 03. Dezember 2018 Sachsen-Anhalt: Wachstum des Wolfsbestandes unter 10 Prozent, 04. Dezember 2018 Offenbar kein Wolfsangriff: Wolfshatz j\u00e4h beendet, 04. Dezember 2018 Gesellschaft zum Schutz der W\u00f6lfe: Neues\u2026","rel":"","context":"\u00c4hnlicher Beitrag","img":{"alt_text":"","src":"","width":0,"height":0},"classes":[]},{"id":6353,"url":"https:\/\/wolfsmonitor.de\/?page_id=6353","url_meta":{"origin":1927,"position":3},"title":"Beitr\u00e4ge Dezember 2016","date":"1. Dezember 2016","format":false,"excerpt":"Hier finden Sie alle Beitr\u00e4ge aus dem Dezember 2016! Bitte klicken Sie direkt auf den gew\u00fcnschten Titel im \"Klappmenue\" oben oder auf folgende, chronologisch angeordnete Beitrags\u00fcberschriften: W\u00f6lfe in Brandenburg k\u00f6nnen geschossen werden, 1. Dezember 2016 Wolfsmonitor-Kurznachrichten am 01. Dezember 2016, 1. Dezember 2016 Wolfsmonitor-Kurznachrichten, 2. Dezember 2016, 2. Dezember 2016\u2026","rel":"","context":"\u00c4hnlicher Beitrag","img":{"alt_text":"","src":"","width":0,"height":0},"classes":[]},{"id":6943,"url":"https:\/\/wolfsmonitor.de\/?page_id=6943","url_meta":{"origin":1927,"position":4},"title":"Beitr\u00e4ge aus dem Jahr 2015","date":"1. Januar 2017","format":false,"excerpt":"Zur Weiterleitung bitte auf den jeweiligen Monat klicken! Dezember 2015 November 2015 Oktober 2015 September 2015 August 2015 Juli 2015 Juni 2015 Mai 2015 Blogstart im April 2015","rel":"","context":"\u00c4hnlicher Beitrag","img":{"alt_text":"","src":"","width":0,"height":0},"classes":[]},{"id":6945,"url":"https:\/\/wolfsmonitor.de\/?page_id=6945","url_meta":{"origin":1927,"position":5},"title":"Beitr\u00e4ge aus dem Jahr 2016","date":"1. Januar 2017","format":false,"excerpt":"Zur Beitrags\u00fcbersicht bitte direkt auf den jeweiligen Monat klicken! Dezember 2016 November 2016 Oktober 2016 September 2016 August 2016 Juli 2016 Juni 2016 Mai 2016 April 2016 M\u00e4rz 2016 Februar 2016 Januar 2016","rel":"","context":"\u00c4hnlicher Beitrag","img":{"alt_text":"","src":"","width":0,"height":0},"classes":[]}],"_links":{"self":[{"href":"https:\/\/wolfsmonitor.de\/index.php?rest_route=\/wp\/v2\/pages\/1927"}],"collection":[{"href":"https:\/\/wolfsmonitor.de\/index.php?rest_route=\/wp\/v2\/pages"}],"about":[{"href":"https:\/\/wolfsmonitor.de\/index.php?rest_route=\/wp\/v2\/types\/page"}],"author":[{"embeddable":true,"href":"https:\/\/wolfsmonitor.de\/index.php?rest_route=\/wp\/v2\/users\/1"}],"replies":[{"embeddable":true,"href":"https:\/\/wolfsmonitor.de\/index.php?rest_route=%2Fwp%2Fv2%2Fcomments&post=1927"}],"version-history":[{"count":22,"href":"https:\/\/wolfsmonitor.de\/index.php?rest_route=\/wp\/v2\/pages\/1927\/revisions"}],"predecessor-version":[{"id":1942,"href":"https:\/\/wolfsmonitor.de\/index.php?rest_route=\/wp\/v2\/pages\/1927\/revisions\/1942"}],"up":[{"embeddable":true,"href":"https:\/\/wolfsmonitor.de\/index.php?rest_route=\/wp\/v2\/pages\/28"}],"wp:attachment":[{"href":"https:\/\/wolfsmonitor.de\/index.php?rest_route=%2Fwp%2Fv2%2Fmedia&parent=1927"}],"curies":[{"name":"wp","href":"https:\/\/api.w.org\/{rel}","templated":true}]}}