{"id":2376,"date":"2016-02-01T10:36:53","date_gmt":"2016-02-01T08:36:53","guid":{"rendered":"http:\/\/wolfsmonitor.de\/?page_id=2376"},"modified":"2016-02-29T18:49:33","modified_gmt":"2016-02-29T16:49:33","slug":"beitraege-februar-2016","status":"publish","type":"page","link":"https:\/\/wolfsmonitor.de\/?page_id=2376","title":{"rendered":"Beitr\u00e4ge Februar 2016"},"content":{"rendered":"<p>Hier finden Sie alle Beitr\u00e4ge aus dem Februar 2016, dem elften Monat des Blogs!<\/p>\n<p title=\"Beitrag 2 tote W\u00f6lfe gefunden\">Bitte klicken Sie direkt auf den gew\u00fcnschten Titel im &#8222;Klappmenue&#8220; oben oder auf folgende, chronologisch angeordnete Beitrags\u00fcberschriften:<\/p>\n<ol>\n<li title=\"Beitrag 2 tote W\u00f6lfe gefunden\"><span style=\"color: #0000ff;\"><a style=\"color: #0000ff;\" title=\"Beitrag 1.2.2016\" href=\"https:\/\/wolfsmonitor.de\/?p=2369\" target=\"_blank\">Vorwurf der praktizierten &#8222;Salami-Taktik&#8220; durch den NDR<\/a><\/span>, 1. Februar 2016<\/li>\n<li title=\"Beitrag 2 tote W\u00f6lfe gefunden\"><span style=\"color: #0000ff;\"><a style=\"color: #0000ff;\" title=\"Beitrag 03.02.2016\" href=\"https:\/\/wolfsmonitor.de\/?p=2386\" target=\"_blank\">Meinungsspiegel &#8211; W\u00f6lfe im Januar<\/a><\/span>, 3. Februar 2016<\/li>\n<li title=\"Beitrag 2 tote W\u00f6lfe gefunden\"><span style=\"color: #0000ff;\"><a style=\"color: #0000ff;\" title=\"Bundesweites Wolfszentrum durch Senckenberg und Lupus\" href=\"https:\/\/wolfsmonitor.de\/?p=2393\" target=\"_blank\">Bundesweite Beobachtung der W\u00f6lfe k\u00fcnftig durch Senckenberg und Lupus!<\/a><\/span>, 4. Februar 2016<\/li>\n<li title=\"Beitrag 2 tote W\u00f6lfe gefunden\"><span style=\"color: #0000ff;\"><a style=\"color: #0000ff;\" title=\"Hinweis \u00f6ffentl. Anh\u00f6rung: Wolf ins Jagdrecht?, 4.2.2016\" href=\"https:\/\/wolfsmonitor.de\/?p=2408\" target=\"_blank\">Wolf ins Jagdrecht? &#8211; \u00d6ffentliche Anh\u00f6rung am 10. Februar in Hannover<\/a><\/span>, 4. Februar 2016<\/li>\n<li title=\"Beitrag 2 tote W\u00f6lfe gefunden\"><span style=\"color: #0000ff;\">S<a style=\"color: #0000ff;\" title=\"Studie: USA, Februar 2016\" href=\"https:\/\/wolfsmonitor.de\/?p=2416\" target=\"_blank\">tudie: \u201eMenschliches Fehlverhalten zumeist Ausl\u00f6ser von Gro\u00dfraubtier-Attacken\u201c<\/a><\/span>, 5. Februar 2016<\/li>\n<li title=\"Beitrag 2 tote W\u00f6lfe gefunden\"><span style=\"color: #0000ff;\"><a style=\"color: #0000ff;\" title=\"3. Zitat Zimen\" href=\"https:\/\/wolfsmonitor.de\/?p=2402\" target=\"_blank\">Erik Zimen: Lebensweise der W\u00f6lfe<\/a><\/span>, 7. Februar 2016<\/li>\n<li title=\"Beitrag 2 tote W\u00f6lfe gefunden\"><span style=\"color: #0000ff;\"><a style=\"color: #0000ff;\" title=\"Nds: Wolf ins Jagdrecht, Beitrag vom 8.2.2016\" href=\"https:\/\/wolfsmonitor.de\/?p=2438\" target=\"_blank\">Zum Gesetzentwurf der Nds. FDP-Fraktion: Wolf ins Jagdrech<\/a>t<\/span>, 8.Februar 2016<\/li>\n<li title=\"Beitrag 2 tote W\u00f6lfe gefunden\"><a title=\"Beitrag Jan Olsson, 9.2.2016\" href=\"https:\/\/wolfsmonitor.de\/?p=2452\" target=\"_blank\">J<span style=\"color: #0000ff;\">an Olssons Petition zur Rettung des Goldenstedter Wolfes kurz vorm 5.000`er Meilenstein!<\/span><\/a>, 9. Februar 2016<\/li>\n<li title=\"Beitrag 2 tote W\u00f6lfe gefunden\"><span style=\"color: #0000ff;\"><a style=\"color: #0000ff;\" title=\"Beitrag 10.02.2016\" href=\"https:\/\/wolfsmonitor.de\/?p=2458\" target=\"_blank\">Ministerium reagiert auf FDP-Forderung: Wolf ins Jagdrecht<\/a><\/span>, 10. Februar 2016<\/li>\n<li title=\"Beitrag 2 tote W\u00f6lfe gefunden\"><span style=\"color: #0000ff;\"><a style=\"color: #0000ff;\" title=\"Beitrag 11.02.2016\" href=\"https:\/\/wolfsmonitor.de\/?p=2467\" target=\"_blank\">Wolfzentrum des Bundes: Kernbotschaften und Reaktionen<\/a><\/span>, 11. Februar 2016<\/li>\n<li title=\"Beitrag 2 tote W\u00f6lfe gefunden\"><span style=\"color: #0000ff;\"><a style=\"color: #0000ff;\" title=\"Zitat Plehwe\" href=\"https:\/\/wolfsmonitor.de\/?p=2479\" target=\"_blank\">Kerstin Plehwe: Die oberste Ranger-Regel!<\/a> <\/span>, 13. Februar 2016<\/li>\n<li title=\"Beitrag 2 tote W\u00f6lfe gefunden\"><span style=\"color: #0000ff;\"><a style=\"color: #0000ff;\" title=\"Beitrag 500 x Gef\u00e4llt mir!\" href=\"https:\/\/wolfsmonitor.de\/?p=2485\" target=\"_blank\">500 x \u201eGef\u00e4llt mir\u201c auf facebook \u2013 Danke daf\u00fcr!<\/a><\/span>, 14. Februar 2016<\/li>\n<li title=\"Beitrag 2 tote W\u00f6lfe gefunden\"><span style=\"color: #0000ff;\"><a style=\"color: #0000ff;\" title=\"Beitrag Wietzendorf\" href=\"https:\/\/wolfsmonitor.de\/?p=2495\" target=\"_blank\">Aufgabe der Kuhhaltung wegen der W\u00f6lfe?<\/a><\/span> , 15. Februar 2016<\/li>\n<li title=\"Beitrag 2 tote W\u00f6lfe gefunden\"><span style=\"color: #0000ff;\"><a style=\"color: #0000ff;\" title=\"MU Info 15.02.2016\" href=\"https:\/\/wolfsmonitor.de\/?p=2502\" target=\"_blank\">Mu-Info: Wolfsb\u00fcro verst\u00e4rkt Monitoring im Bereich Bergen<\/a><\/span>, 15. Februar 2016<\/li>\n<li title=\"Beitrag 2 tote W\u00f6lfe gefunden\"><span style=\"color: #0000ff;\"><a style=\"color: #0000ff;\" title=\"K. Bullerjahn, 16.02.2016\" href=\"https:\/\/wolfsmonitor.de\/?p=2506\" target=\"_blank\">Klaus Bullerjahn: &#8222;Man gr\u00e4mt sich in Niedersachsen um den Wolf&#8220;<\/a><\/span>, 16. Februar 2016<\/li>\n<li title=\"Beitrag 2 tote W\u00f6lfe gefunden\"><span style=\"color: #0000ff;\"><a style=\"color: #0000ff;\" title=\"Interview Uwe Martens\" href=\"https:\/\/wolfsmonitor.de\/?p=2513\" target=\"_blank\">3 Antworten von Wolfsberater Uwe Martens<\/a><\/span>, 17. Februar 2016<\/li>\n<li title=\"Beitrag 2 tote W\u00f6lfe gefunden\"><span style=\"color: #0000ff;\"><a style=\"color: #0000ff;\" title=\"Wolf sorgt f\u00fcr Unruhe, Beitrag 18.02.2016\" href=\"https:\/\/wolfsmonitor.de\/?p=2523\" target=\"_blank\">Besenderter Wolf aus dem Munsteraner Rudel sorgt weiter f\u00fcr Unruhe<\/a>, <span style=\"color: #000000;\">18. Februar 2016<\/span><\/span><\/li>\n<li title=\"Beitrag 2 tote W\u00f6lfe gefunden\"><span style=\"color: #0000ff;\"><a style=\"color: #0000ff;\" title=\"Entnahme, Beitrag 18.02.2016\" href=\"https:\/\/wolfsmonitor.de\/?p=2529\" target=\"_blank\">&#8222;Entnahme&#8220; des besenderten Wolfes wird vorbereitet<\/a><\/span>, 18. Februar 2016<\/li>\n<li title=\"Beitrag 2 tote W\u00f6lfe gefunden\"><span style=\"color: #0000ff;\"><a style=\"color: #0000ff;\" title=\"MU Info 18.02.2016\" href=\"https:\/\/wolfsmonitor.de\/?p=2536\" target=\"_blank\">MU-Info: Minister Wenzel zum geplanten Vorgehen!<\/a><\/span>, 18. Februar 2016<\/li>\n<li title=\"Beitrag 2 tote W\u00f6lfe gefunden\"><span style=\"color: #0000ff;\"><a style=\"color: #0000ff;\" title=\"NABU, 19.02.2016\" href=\"https:\/\/wolfsmonitor.de\/?p=2542\" target=\"_blank\">NABU: Kontrollierte Ma\u00dfnahmen und Vergr\u00e4mung in Einzelf\u00e4llen!<\/a><\/span>, 19. Februar 2016<\/li>\n<li title=\"Beitrag 2 tote W\u00f6lfe gefunden\"><span style=\"color: #0000ff;\"><a style=\"color: #0000ff;\" title=\"Beitrag Zeit zum Vergr\u00e4men!\" href=\"https:\/\/wolfsmonitor.de\/?p=2554\" target=\"_blank\">Zeit zum Vergr\u00e4men!<\/a><\/span>, 20. Februar 2016<\/li>\n<li title=\"Beitrag 2 tote W\u00f6lfe gefunden\"><span style=\"color: #0000ff;\"><a style=\"color: #0000ff;\" title=\"Kurti soll vergr\u00e4mt werden\" href=\"https:\/\/wolfsmonitor.de\/?p=2569\" target=\"_blank\">Expertenurteil: Jungwolf \u201eKurti\u201c soll vergr\u00e4mt werden<\/a>!<\/span>, 21. Februar 2016<\/li>\n<li title=\"Beitrag 2 tote W\u00f6lfe gefunden\"><span style=\"color: #0000ff;\"><a style=\"color: #0000ff;\" title=\"Leserkritik, 22.02.2016\" href=\"https:\/\/wolfsmonitor.de\/?p=2576\" target=\"_blank\">Leserkritik: &#8222;Olle Kamellen&#8220; f\u00fcr Ahnungslose..<\/a><\/span>., 22. Februar 2016<\/li>\n<li title=\"Beitrag 2 tote W\u00f6lfe gefunden\"><span style=\"color: #0000ff;\"><a style=\"color: #0000ff;\" title=\"3 MU-Infos, 22.02.2016\" href=\"https:\/\/wolfsmonitor.de\/?p=2591\" target=\"_blank\">MU-Infos: 3 Meldungen aus dem Ministerium<\/a><\/span>, 22. Februar 2016<\/li>\n<li title=\"Beitrag 2 tote W\u00f6lfe gefunden\"><span style=\"color: #0000ff;\"><a style=\"color: #0000ff;\" title=\"Gastbeitrag Sonja Wallschlag\" href=\"https:\/\/wolfsmonitor.de\/?p=2599\" target=\"_blank\">Gastautorin Sonja Wallschlag: \u201cDie nieders\u00e4chsische Wolfshysterie\u201d<\/a><\/span>, 24. Februar 2016<\/li>\n<li title=\"Beitrag 2 tote W\u00f6lfe gefunden\"><span style=\"color: #0000ff;\"><a style=\"color: #0000ff;\" title=\"Beitrag 25.02.2016\" href=\"https:\/\/wolfsmonitor.de\/?p=2611\" target=\"_blank\">Einfach mal \u201edie Kirche im Dorf lassen\u201c!<\/a><\/span>, 25.Februar 2016<\/li>\n<li title=\"Beitrag 2 tote W\u00f6lfe gefunden\"><span style=\"color: #0000ff;\"><a style=\"color: #0000ff;\" title=\"2. Zitat Plehwe\" href=\"https:\/\/wolfsmonitor.de\/?p=2549\" target=\"_blank\">Kerstin Plehwe: Die zweite Lektion!<\/a><\/span>, 27. Februar 2016<\/li>\n<li title=\"Beitrag 2 tote W\u00f6lfe gefunden\"><span style=\"color: #0000ff;\"><a style=\"color: #0000ff;\" title=\"MELUR-Info, 28.02.2016\" href=\"https:\/\/wolfsmonitor.de\/?p=2626\" target=\"_blank\">MELUR-Info: Fotofallenprojekt in Schlewsig-Holstein<\/a><\/span>, 28. Februar 2016<\/li>\n<li title=\"Beitrag 2 tote W\u00f6lfe gefunden\"><span style=\"color: #0000ff;\"><a style=\"color: #0000ff;\" title=\"MU Info 29.02.2016\" href=\"https:\/\/wolfsmonitor.de\/?p=2633\" target=\"_blank\">MU-Info: Aktuelle Ma\u00dfnahmen und Petitionsliste<\/a><\/span>, 29. Februar 2016<\/li>\n<\/ol>\n<p>Sie k\u00f6nnen alle Beitr\u00e4ge auch nach \u201cKategorien\u201d geordnet aufrufen. Bitte nutzen Sie dazu die gleichnamige Auswahl in der rechten Seitenleiste!<\/p>\n<p>Viel Spa\u00df!<\/p>\n<p>Ihr<\/p>\n<p>J\u00fcrgen Vogler<\/p>\n<div class=\"shariff shariff-align-center shariff-widget-align-center\" data-services=\"facebook%7Ctwitter\" data-url=\"https%3A%2F%2Fwolfsmonitor.de%2F%3Fpage_id%3D2376\" data-timestamp=\"1456771773\" data-backendurl=\"?rest_route=\/shariff\/v1\/share_counts&\"><ul class=\"shariff-buttons theme-color orientation-horizontal buttonsize-small\"><li class=\"shariff-button facebook shariff-nocustomcolor\" style=\"background-color:#4273c8\"><a href=\"https:\/\/www.facebook.com\/sharer\/sharer.php?u=https%3A%2F%2Fwolfsmonitor.de%2F%3Fpage_id%3D2376\" title=\"Bei Facebook teilen\" aria-label=\"Bei Facebook teilen\" role=\"button\" rel=\"nofollow\" class=\"shariff-link\" style=\"; background-color:#3b5998; color:#fff\" target=\"_blank\"><span class=\"shariff-icon\" style=\"\"><svg width=\"32px\" height=\"20px\" xmlns=\"http:\/\/www.w3.org\/2000\/svg\" viewBox=\"0 0 18 32\"><path fill=\"#3b5998\" d=\"M17.1 0.2v4.7h-2.8q-1.5 0-2.1 0.6t-0.5 1.9v3.4h5.2l-0.7 5.3h-4.5v13.6h-5.5v-13.6h-4.5v-5.3h4.5v-3.9q0-3.3 1.9-5.2t5-1.8q2.6 0 4.1 0.2z\"\/><\/svg><\/span><span class=\"shariff-text\">teilen<\/span>&nbsp;<span data-service=\"facebook\" style=\"color:#3b5998\" class=\"shariff-count shariff-hidezero\"><\/span>&nbsp;<\/a><\/li><li class=\"shariff-button twitter shariff-nocustomcolor\" style=\"background-color:#32bbf5\"><a href=\"https:\/\/twitter.com\/share?url=https%3A%2F%2Fwolfsmonitor.de%2F%3Fpage_id%3D2376&text=Beitr%C3%A4ge%20Februar%202016\" title=\"Bei Twitter teilen\" aria-label=\"Bei Twitter teilen\" role=\"button\" rel=\"noopener nofollow\" class=\"shariff-link\" style=\"; background-color:#55acee; color:#fff\" target=\"_blank\"><span class=\"shariff-icon\" style=\"\"><svg width=\"32px\" height=\"20px\" xmlns=\"http:\/\/www.w3.org\/2000\/svg\" viewBox=\"0 0 30 32\"><path fill=\"#55acee\" d=\"M29.7 6.8q-1.2 1.8-3 3.1 0 0.3 0 0.8 0 2.5-0.7 4.9t-2.2 4.7-3.5 4-4.9 2.8-6.1 1q-5.1 0-9.3-2.7 0.6 0.1 1.5 0.1 4.3 0 7.6-2.6-2-0.1-3.5-1.2t-2.2-3q0.6 0.1 1.1 0.1 0.8 0 1.6-0.2-2.1-0.4-3.5-2.1t-1.4-3.9v-0.1q1.3 0.7 2.8 0.8-1.2-0.8-2-2.2t-0.7-2.9q0-1.7 0.8-3.1 2.3 2.8 5.5 4.5t7 1.9q-0.2-0.7-0.2-1.4 0-2.5 1.8-4.3t4.3-1.8q2.7 0 4.5 1.9 2.1-0.4 3.9-1.5-0.7 2.2-2.7 3.4 1.8-0.2 3.5-0.9z\"\/><\/svg><\/span><span class=\"shariff-text\">twittern<\/span>&nbsp;<span data-service=\"twitter\" style=\"color:#55acee\" class=\"shariff-count shariff-hidezero\"><\/span>&nbsp;<\/a><\/li><li class=\"shariff-button rss shariff-nocustomcolor\" style=\"background-color:#ff8c00\"><a href=\"https:\/\/wolfsmonitor.de\/?feed=rss\" title=\"RSS-feed\" aria-label=\"RSS-feed\" role=\"button\" class=\"shariff-link\" style=\"; background-color:#fe9312; color:#fff\" target=\"_blank\"><span class=\"shariff-icon\" style=\"\"><svg width=\"32px\" height=\"20px\" xmlns=\"http:\/\/www.w3.org\/2000\/svg\" viewBox=\"0 0 32 32\"><path fill=\"#fe9312\" d=\"M4.3 23.5c-2.3 0-4.3 1.9-4.3 4.3 0 2.3 1.9 4.2 4.3 4.2 2.4 0 4.3-1.9 4.3-4.2 0-2.3-1.9-4.3-4.3-4.3zM0 10.9v6.1c4 0 7.7 1.6 10.6 4.4 2.8 2.8 4.4 6.6 4.4 10.6h6.2c0-11.7-9.5-21.1-21.1-21.1zM0 0v6.1c14.2 0 25.8 11.6 25.8 25.9h6.2c0-17.6-14.4-32-32-32z\"\/><\/svg><\/span><span class=\"shariff-text\">RSS-feed<\/span>&nbsp;<\/a><\/li><li class=\"shariff-button mailto shariff-nocustomcolor\" style=\"background-color:#a8a8a8\"><a href=\"mailto:?body=https%3A%2F%2Fwolfsmonitor.de%2F%3Fpage_id%3D2376&subject=Beitr%C3%A4ge%20Februar%202016\" title=\"Per E-Mail versenden\" aria-label=\"Per E-Mail versenden\" role=\"button\" rel=\"noopener nofollow\" class=\"shariff-link\" style=\"; background-color:#999; color:#fff\"><span class=\"shariff-icon\" style=\"\"><svg width=\"32px\" height=\"20px\" xmlns=\"http:\/\/www.w3.org\/2000\/svg\" viewBox=\"0 0 32 32\"><path fill=\"#999\" d=\"M32 12.7v14.2q0 1.2-0.8 2t-2 0.9h-26.3q-1.2 0-2-0.9t-0.8-2v-14.2q0.8 0.9 1.8 1.6 6.5 4.4 8.9 6.1 1 0.8 1.6 1.2t1.7 0.9 2 0.4h0.1q0.9 0 2-0.4t1.7-0.9 1.6-1.2q3-2.2 8.9-6.1 1-0.7 1.8-1.6zM32 7.4q0 1.4-0.9 2.7t-2.2 2.2q-6.7 4.7-8.4 5.8-0.2 0.1-0.7 0.5t-1 0.7-0.9 0.6-1.1 0.5-0.9 0.2h-0.1q-0.4 0-0.9-0.2t-1.1-0.5-0.9-0.6-1-0.7-0.7-0.5q-1.6-1.1-4.7-3.2t-3.6-2.6q-1.1-0.7-2.1-2t-1-2.5q0-1.4 0.7-2.3t2.1-0.9h26.3q1.2 0 2 0.8t0.9 2z\"\/><\/svg><\/span><span class=\"shariff-text\">E-Mail<\/span>&nbsp;<\/a><\/li><li class=\"shariff-button info shariff-nocustomcolor\" style=\"background-color:#a8a8a8\"><a href=\"http:\/\/ct.de\/-2467514\" title=\"Weitere Informationen\" aria-label=\"Weitere Informationen\" role=\"button\" rel=\"noopener \" class=\"shariff-link\" style=\"; background-color:#999; color:#fff\" target=\"_blank\"><span class=\"shariff-icon\" style=\"\"><svg width=\"32px\" height=\"20px\" xmlns=\"http:\/\/www.w3.org\/2000\/svg\" viewBox=\"0 0 11 32\"><path fill=\"#999\" d=\"M11.4 24v2.3q0 0.5-0.3 0.8t-0.8 0.4h-9.1q-0.5 0-0.8-0.4t-0.4-0.8v-2.3q0-0.5 0.4-0.8t0.8-0.4h1.1v-6.8h-1.1q-0.5 0-0.8-0.4t-0.4-0.8v-2.3q0-0.5 0.4-0.8t0.8-0.4h6.8q0.5 0 0.8 0.4t0.4 0.8v10.3h1.1q0.5 0 0.8 0.4t0.3 0.8zM9.2 3.4v3.4q0 0.5-0.4 0.8t-0.8 0.4h-4.6q-0.4 0-0.8-0.4t-0.4-0.8v-3.4q0-0.4 0.4-0.8t0.8-0.4h4.6q0.5 0 0.8 0.4t0.4 0.8z\"\/><\/svg><\/span><\/a><\/li><\/ul><\/div>","protected":false},"excerpt":{"rendered":"<p>Hier finden Sie alle Beitr\u00e4ge aus dem Februar 2016, dem elften Monat des Blogs! Bitte klicken Sie direkt auf den gew\u00fcnschten Titel im &#8222;Klappmenue&#8220; oben oder auf folgende, chronologisch angeordnete Beitrags\u00fcberschriften: Vorwurf der praktizierten &#8222;Salami-Taktik&#8220; durch den NDR, 1. Februar 2016 Meinungsspiegel &#8211; W\u00f6lfe im Januar, 3. Februar 2016 Bundesweite Beobachtung der W\u00f6lfe k\u00fcnftig durch [&hellip;]<\/p>\n<div class=\"shariff shariff-align-center shariff-widget-align-center\" data-services=\"facebook%7Ctwitter\" data-url=\"https%3A%2F%2Fwolfsmonitor.de%2F%3Fpage_id%3D2376\" data-timestamp=\"1456771773\" data-backendurl=\"?rest_route=\/shariff\/v1\/share_counts&\"><ul class=\"shariff-buttons theme-color orientation-horizontal buttonsize-small\"><li class=\"shariff-button facebook shariff-nocustomcolor\" style=\"background-color:#4273c8\"><a href=\"https:\/\/www.facebook.com\/sharer\/sharer.php?u=https%3A%2F%2Fwolfsmonitor.de%2F%3Fpage_id%3D2376\" title=\"Bei Facebook teilen\" aria-label=\"Bei Facebook teilen\" role=\"button\" rel=\"nofollow\" class=\"shariff-link\" style=\"; background-color:#3b5998; color:#fff\" target=\"_blank\"><span class=\"shariff-icon\" style=\"\"><svg width=\"32px\" height=\"20px\" xmlns=\"http:\/\/www.w3.org\/2000\/svg\" viewBox=\"0 0 18 32\"><path fill=\"#3b5998\" d=\"M17.1 0.2v4.7h-2.8q-1.5 0-2.1 0.6t-0.5 1.9v3.4h5.2l-0.7 5.3h-4.5v13.6h-5.5v-13.6h-4.5v-5.3h4.5v-3.9q0-3.3 1.9-5.2t5-1.8q2.6 0 4.1 0.2z\"\/><\/svg><\/span><span class=\"shariff-text\">teilen<\/span>&nbsp;<span data-service=\"facebook\" style=\"color:#3b5998\" class=\"shariff-count shariff-hidezero\"><\/span>&nbsp;<\/a><\/li><li class=\"shariff-button twitter shariff-nocustomcolor\" style=\"background-color:#32bbf5\"><a href=\"https:\/\/twitter.com\/share?url=https%3A%2F%2Fwolfsmonitor.de%2F%3Fpage_id%3D2376&text=Beitr%C3%A4ge%20Februar%202016\" title=\"Bei Twitter teilen\" aria-label=\"Bei Twitter teilen\" role=\"button\" rel=\"noopener nofollow\" class=\"shariff-link\" style=\"; background-color:#55acee; color:#fff\" target=\"_blank\"><span class=\"shariff-icon\" style=\"\"><svg width=\"32px\" height=\"20px\" xmlns=\"http:\/\/www.w3.org\/2000\/svg\" viewBox=\"0 0 30 32\"><path fill=\"#55acee\" d=\"M29.7 6.8q-1.2 1.8-3 3.1 0 0.3 0 0.8 0 2.5-0.7 4.9t-2.2 4.7-3.5 4-4.9 2.8-6.1 1q-5.1 0-9.3-2.7 0.6 0.1 1.5 0.1 4.3 0 7.6-2.6-2-0.1-3.5-1.2t-2.2-3q0.6 0.1 1.1 0.1 0.8 0 1.6-0.2-2.1-0.4-3.5-2.1t-1.4-3.9v-0.1q1.3 0.7 2.8 0.8-1.2-0.8-2-2.2t-0.7-2.9q0-1.7 0.8-3.1 2.3 2.8 5.5 4.5t7 1.9q-0.2-0.7-0.2-1.4 0-2.5 1.8-4.3t4.3-1.8q2.7 0 4.5 1.9 2.1-0.4 3.9-1.5-0.7 2.2-2.7 3.4 1.8-0.2 3.5-0.9z\"\/><\/svg><\/span><span class=\"shariff-text\">twittern<\/span>&nbsp;<span data-service=\"twitter\" style=\"color:#55acee\" class=\"shariff-count shariff-hidezero\"><\/span>&nbsp;<\/a><\/li><li class=\"shariff-button rss shariff-nocustomcolor\" style=\"background-color:#ff8c00\"><a href=\"https:\/\/wolfsmonitor.de\/?feed=rss\" title=\"RSS-feed\" aria-label=\"RSS-feed\" role=\"button\" class=\"shariff-link\" style=\"; background-color:#fe9312; color:#fff\" target=\"_blank\"><span class=\"shariff-icon\" style=\"\"><svg width=\"32px\" height=\"20px\" xmlns=\"http:\/\/www.w3.org\/2000\/svg\" viewBox=\"0 0 32 32\"><path fill=\"#fe9312\" d=\"M4.3 23.5c-2.3 0-4.3 1.9-4.3 4.3 0 2.3 1.9 4.2 4.3 4.2 2.4 0 4.3-1.9 4.3-4.2 0-2.3-1.9-4.3-4.3-4.3zM0 10.9v6.1c4 0 7.7 1.6 10.6 4.4 2.8 2.8 4.4 6.6 4.4 10.6h6.2c0-11.7-9.5-21.1-21.1-21.1zM0 0v6.1c14.2 0 25.8 11.6 25.8 25.9h6.2c0-17.6-14.4-32-32-32z\"\/><\/svg><\/span><span class=\"shariff-text\">RSS-feed<\/span>&nbsp;<\/a><\/li><li class=\"shariff-button mailto shariff-nocustomcolor\" style=\"background-color:#a8a8a8\"><a href=\"mailto:?body=https%3A%2F%2Fwolfsmonitor.de%2F%3Fpage_id%3D2376&subject=Beitr%C3%A4ge%20Februar%202016\" title=\"Per E-Mail versenden\" aria-label=\"Per E-Mail versenden\" role=\"button\" rel=\"noopener nofollow\" class=\"shariff-link\" style=\"; background-color:#999; color:#fff\"><span class=\"shariff-icon\" style=\"\"><svg width=\"32px\" height=\"20px\" xmlns=\"http:\/\/www.w3.org\/2000\/svg\" viewBox=\"0 0 32 32\"><path fill=\"#999\" d=\"M32 12.7v14.2q0 1.2-0.8 2t-2 0.9h-26.3q-1.2 0-2-0.9t-0.8-2v-14.2q0.8 0.9 1.8 1.6 6.5 4.4 8.9 6.1 1 0.8 1.6 1.2t1.7 0.9 2 0.4h0.1q0.9 0 2-0.4t1.7-0.9 1.6-1.2q3-2.2 8.9-6.1 1-0.7 1.8-1.6zM32 7.4q0 1.4-0.9 2.7t-2.2 2.2q-6.7 4.7-8.4 5.8-0.2 0.1-0.7 0.5t-1 0.7-0.9 0.6-1.1 0.5-0.9 0.2h-0.1q-0.4 0-0.9-0.2t-1.1-0.5-0.9-0.6-1-0.7-0.7-0.5q-1.6-1.1-4.7-3.2t-3.6-2.6q-1.1-0.7-2.1-2t-1-2.5q0-1.4 0.7-2.3t2.1-0.9h26.3q1.2 0 2 0.8t0.9 2z\"\/><\/svg><\/span><span class=\"shariff-text\">E-Mail<\/span>&nbsp;<\/a><\/li><li class=\"shariff-button info shariff-nocustomcolor\" style=\"background-color:#a8a8a8\"><a href=\"http:\/\/ct.de\/-2467514\" title=\"Weitere Informationen\" aria-label=\"Weitere Informationen\" role=\"button\" rel=\"noopener \" class=\"shariff-link\" style=\"; background-color:#999; color:#fff\" target=\"_blank\"><span class=\"shariff-icon\" style=\"\"><svg width=\"32px\" height=\"20px\" xmlns=\"http:\/\/www.w3.org\/2000\/svg\" viewBox=\"0 0 11 32\"><path fill=\"#999\" d=\"M11.4 24v2.3q0 0.5-0.3 0.8t-0.8 0.4h-9.1q-0.5 0-0.8-0.4t-0.4-0.8v-2.3q0-0.5 0.4-0.8t0.8-0.4h1.1v-6.8h-1.1q-0.5 0-0.8-0.4t-0.4-0.8v-2.3q0-0.5 0.4-0.8t0.8-0.4h6.8q0.5 0 0.8 0.4t0.4 0.8v10.3h1.1q0.5 0 0.8 0.4t0.3 0.8zM9.2 3.4v3.4q0 0.5-0.4 0.8t-0.8 0.4h-4.6q-0.4 0-0.8-0.4t-0.4-0.8v-3.4q0-0.4 0.4-0.8t0.8-0.4h4.6q0.5 0 0.8 0.4t0.4 0.8z\"\/><\/svg><\/span><\/a><\/li><\/ul><\/div>","protected":false},"author":1,"featured_media":0,"parent":28,"menu_order":0,"comment_status":"open","ping_status":"open","template":"","meta":{"spay_email":""},"jetpack_shortlink":"https:\/\/wp.me\/P61YbU-Ck","jetpack-related-posts":[{"id":7591,"url":"https:\/\/wolfsmonitor.de\/?page_id=7591","url_meta":{"origin":2376,"position":0},"title":"Beitr\u00e4ge Februar 2017","date":"1. Februar 2017","format":false,"excerpt":"Hier finden Sie alle Beitr\u00e4ge aus dem\u00a0 Februar 2017! Bitte klicken Sie direkt auf den gew\u00fcnschten Titel im \u201eKlappmenue\u201c oben oder auf folgende, chronologisch angeordnete Beitrags\u00fcberschriften: Die grobe Richtung stimmt!, 1. Februar 2017 Mecklenburg-Vorpommern: Fotofalle weist drittes Wolfsrudel in der Kali\u00dfer Heide nach, 1. Februar 2017 Nachweis von zwei W\u00f6lfen\u2026","rel":"","context":"\u00c4hnlicher Beitrag","img":{"alt_text":"","src":"","width":0,"height":0},"classes":[]},{"id":12386,"url":"https:\/\/wolfsmonitor.de\/?page_id=12386","url_meta":{"origin":2376,"position":1},"title":"Beitr\u00e4ge Februar 2018","date":"1. Februar 2018","format":false,"excerpt":"Hier finden Sie alle Wolfsmonitor-Beitr\u00e4ge aus dem Februar 2018! Bitte klicken Sie direkt auf den gew\u00fcnschten Titel im \"Klappmenue\" oben unter \"Beitr\u00e4ge\" oder auf folgende, chronologisch angeordnete Beitrags\u00fcberschriften: \u201eUnser Auftrag ist es, zu berichten \u2013 nicht auf Grundlage von Mutma\u00dfungen Panik zu verbreiten\u201c!, 1. Februar 2018 Erster Wolf in Sachsen\u2026","rel":"","context":"\u00c4hnlicher Beitrag","img":{"alt_text":"","src":"","width":0,"height":0},"classes":[]},{"id":16394,"url":"https:\/\/wolfsmonitor.de\/?page_id=16394","url_meta":{"origin":2376,"position":2},"title":"Beitr\u00e4ge Februar 2019","date":"1. Februar 2019","format":false,"excerpt":"Hier finden Sie alle Wolfsmonitor-Beitr\u00e4ge aus dem Februar 2019. Albrecht und Lies genehmigen Absch\u00fcsse \u2013 Erster Widerstand, 1. Februar 2019 Heimliche Entnahme eines Wolfes in Niedersachsen? \u2013 GzSdW: \u201cFalsche Entscheidung korrigieren!\u201d, 1. Februar 2019 Offener Brief an Olaf Lies: Wolfsberater beklagen Intransparenz der Genehmigung zum Abschuss eines Wolfs, 2. Februar\u2026","rel":"","context":"\u00c4hnlicher Beitrag","img":{"alt_text":"","src":"","width":0,"height":0},"classes":[]},{"id":18286,"url":"https:\/\/wolfsmonitor.de\/?page_id=18286","url_meta":{"origin":2376,"position":3},"title":"Beitr\u00e4ge Februar 2020","date":"1. Februar 2020","format":false,"excerpt":"Hier finden Sie alle Beitr\u00e4ge aus dem Februar 2020, dem achtundf\u00fcnfzigsten Monat dieses Blogs! Bitte klicken Sie direkt auf den gew\u00fcnschten Titel in der Menueauswahl oder auf folgende, chronologisch angeordnete Beitrags\u00fcberschriften: Muttertier des Knappenroder II Rudels erschossen und vergraben, 1. Februar 2020 Wolfsabsch\u00fcsse keine L\u00f6sung \u2013 eher versch\u00e4rft sich dadurch\u2026","rel":"","context":"\u00c4hnlicher Beitrag","img":{"alt_text":"","src":"","width":0,"height":0},"classes":[]},{"id":7956,"url":"https:\/\/wolfsmonitor.de\/?page_id=7956","url_meta":{"origin":2376,"position":4},"title":"Beitr\u00e4ge M\u00e4rz 2017","date":"1. M\u00e4rz 2017","format":false,"excerpt":"Hier finden Sie alle Beitr\u00e4ge aus dem M\u00e4rz 2017! Bitte klicken Sie direkt auf den gew\u00fcnschten Titel im \u201eKlappmenue\u201c oben oder auf folgende, chronologisch angeordnete Beitrags\u00fcberschriften: CDU- Niedersachsen fordert Obergrenze und die Aufnahme des Wolfes ins Jagdrecht, 1. M\u00e4rz 2017 Bremen: Konsens in der Wolfsdebatte erkennbar? Oder doch nicht?, 2.\u2026","rel":"","context":"\u00c4hnlicher Beitrag","img":{"alt_text":"","src":"","width":0,"height":0},"classes":[]},{"id":15990,"url":"https:\/\/wolfsmonitor.de\/?page_id=15990","url_meta":{"origin":2376,"position":5},"title":"Beitr\u00e4ge Januar 2019","date":"1. Januar 2019","format":false,"excerpt":"Hier finden Sie alle Wolfsmonitor-Beitr\u00e4ge aus dem Januar 2019. FAZ: Kl\u00f6ckners Wolfsbrandbrief ist \"kontraproduktive Effekthascherei\", 1. Januar 2019 Die Wolfsmonitor-Retrospektive auf das Wolfsjahr 2018 \u2013 Teil 2 \u2013 Februar, 2. Januar 2019 Gespr\u00e4ch \u00fcber Kl\u00f6ckners Brandbrief Mitte Januar, 3. Januar 2019 Wolfsmonitor-Retrospektive auf das Wolfsjahr 2018 \u2013 Teil 3 \u2013\u2026","rel":"","context":"\u00c4hnlicher Beitrag","img":{"alt_text":"","src":"","width":0,"height":0},"classes":[]}],"_links":{"self":[{"href":"https:\/\/wolfsmonitor.de\/index.php?rest_route=\/wp\/v2\/pages\/2376"}],"collection":[{"href":"https:\/\/wolfsmonitor.de\/index.php?rest_route=\/wp\/v2\/pages"}],"about":[{"href":"https:\/\/wolfsmonitor.de\/index.php?rest_route=\/wp\/v2\/types\/page"}],"author":[{"embeddable":true,"href":"https:\/\/wolfsmonitor.de\/index.php?rest_route=\/wp\/v2\/users\/1"}],"replies":[{"embeddable":true,"href":"https:\/\/wolfsmonitor.de\/index.php?rest_route=%2Fwp%2Fv2%2Fcomments&post=2376"}],"version-history":[{"count":31,"href":"https:\/\/wolfsmonitor.de\/index.php?rest_route=\/wp\/v2\/pages\/2376\/revisions"}],"predecessor-version":[{"id":2640,"href":"https:\/\/wolfsmonitor.de\/index.php?rest_route=\/wp\/v2\/pages\/2376\/revisions\/2640"}],"up":[{"embeddable":true,"href":"https:\/\/wolfsmonitor.de\/index.php?rest_route=\/wp\/v2\/pages\/28"}],"wp:attachment":[{"href":"https:\/\/wolfsmonitor.de\/index.php?rest_route=%2Fwp%2Fv2%2Fmedia&parent=2376"}],"curies":[{"name":"wp","href":"https:\/\/api.w.org\/{rel}","templated":true}]}}